 g(z) = -z**3 - 6*z**2 - 23*z - 11. Let x be g(-9). Let q = x + -126. Suppose -11*d + 710 = -q. What is the tens digit of d?
9
Let x = -28801 - -38975. What is the thousands digit of x?
0
Let h be (5/(-3))/(40/(-336)). What is the hundreds digit of (-2)/h - 7430/(-70)?
1
Let i = -2858 + 11446. What is the thousands digit of i?
8
Suppose -26*b - 7833 = -5*b. Let n = -144 - b. What is the tens digit of n?
2
Let w = -2255 - -4954. What is the thousands digit of w?
2
Let f(h) = 4*h**2 + h - 2. Let n be (52/5)/(-2) - 2/(-10). Let i be f(n). Suppose -94*d + i*d + 4 = 0. What is the units digit of d?
4
Let i = 145 + -143. Suppose -8*t - 3*p + 627 = -5*t, i*t = -p + 418. What is the units digit of t?
9
What is the hundreds digit of -16 + 22049370/1190 + (-2)/(-51)*3?
5
Let u = -690 + 2162. Let g = u - 719. What is the hundreds digit of g?
7
Let a(v) = -v**2 + 14*v + 10. Let q be a(7). Let n be (-4)/(-8)*-2 + q. Suppose 0*k = -r + 3*k + n, 0 = 4*r + 3*k - 202. What is the units digit of r?
2
What is the thousands digit of 1*((-3)/7 + 550043/91)?
6
Suppose -p + 279 = 2*w - 5*w, -p - 5*w = -279. Suppose 0 = 14*g - 687 - p. What is the units digit of g?
9
Let s(k) = -k**2 - 41*k + 236. Let x be s(-34). Suppose -6*v + 5*v = -x. What is the units digit of v?
4
Suppose -16*h + 548 = -1420. Let o = 55 + h. What is the tens digit of o?
7
Suppose -3*r - 2*y = -24174, 5*r + 23*y - 40290 = 26*y. What is the hundreds digit of r?
0
Let x be 4*(3 - (-7)/((-14)/(-27))). Suppose 0 = -61*u + x*u - 4020. What is the units digit of u?
4
Let q(s) = s**3 - 11*s**2 + 18*s + 4. Let b be q(9). Suppose -17*d - b = -38. What is the tens digit of 3 + (-100)/(-1) + d?
0
Suppose -3*a + 12 = 3*z, 0 = 5*z - a - 14 - 6. Suppose z*o = -17 + 789. What is the tens digit of o?
9
Let j(n) = 4*n**3 - n**2 + 5*n - 4. Let h(q) = -q + 22. Let o(d) = d. Let x(s) = h(s) - 6*o(s). Let f be x(3). What is the units digit of j(f)?
4
Suppose 0*z + 3*z = l - 5, -z - 2 = 0. Let h(k) = 7 + 14 + 11 - 35 - 39*k. What is the tens digit of h(l)?
3
Suppose 4*d + 29 = -11. Let g be (-843)/(-15) + 2/d. Suppose g = p - 69. What is the hundreds digit of p?
1
Let b(v) = 2*v**2 + 3*v. Let t be b(-2). Suppose -5*a - t*w = 137, -2*a - 4*w - 16 - 42 = 0. What is the units digit of (a/6)/(12/(-64))?
4
Let m be 19/4 + (-2)/(-8). Suppose x - 70 = -m*w + 303, 5*w + 10 = 0. Suppose 0 = -7*d + 107 + x. What is the units digit of d?
0
Suppose -6*u + 15*u + 7876 - 50788 = 0. What is the thousands digit of u?
4
Suppose 0 = -33*m + 25*m + 32. Suppose -5*t + m*u + 0*u + 766 = 0, 5 = 5*u. What is the tens digit of t?
5
What is the hundreds digit of (2/5)/(10/201425)?
0
Let q = 43 + -20. Let a = 31 - q. What is the tens digit of -6*((2 - a) + -2)?
4
Let s be ((-16)/(-1))/(4/10). Suppose t - 27 = s. What is the tens digit of -3*t/2*-2?
0
Let k be ((-6)/(-1))/(-6*(-9)/81). What is the tens digit of (3 - k) + (-735)/(-15)?
4
Let w = -38201 - -75853. What is the hundreds digit of w?
6
Let y(p) = p**3 - 30*p**2 + 16*p + 58. Let f be y(28). What is the units digit of 1/((-9 - -5) + (-4251)/f)?
4
Suppose 2*d - 652 = 888. Suppose -3*t - 3 - 12 = 0, 5*s + 5*t = d. What is the tens digit of s?
5
Suppose -2*p - 2*v - 404 = 0, -2*p - 389 = 3*v + 17. Let s = 306 + p. What is the tens digit of s?
0
Suppose 0 = 2*x + 2, -63*u - 3*x - 69420 = -66*u. What is the thousands digit of u?
3
Let r = -3124 + 9567. What is the thousands digit of r?
6
Let u(z) = -3*z**3 - 10*z**2 + 53. Let p(n) = 4*n**3 + 15*n**2 - 79. Let h = -34 - -27. Let x(i) = h*u(i) - 5*p(i). What is the tens digit of x(6)?
6
Suppose 16 = 5*i + 3*c, -2*i - 2 = -3*c - 0. Suppose 2565 = 2*u - m, 4*u - 1300 = 3*u + 4*m. What is the units digit of i/(u/635 + -2)?
7
What is the hundreds digit of 13670 + (-272)/46 + (-12)/138?
6
Let g(d) = -d**3 - 2*d**2 + 16*d - 3. Let n be g(-5). Let v = -12 - n. What is the units digit of (-16)/(-4) - ((-8)/v + -170)?
2
Suppose -r + 8700 = -5*t, -4*t - 3*r + 6*r - 6971 = 0. Let i = 2523 + t. What is the hundreds digit of i?
7
Let o = 723 - 427. Let g = o + -153. What is the units digit of g?
3
Suppose 2*j + 2*o - 2326 = 6*o, 0 = 4*j - 2*o - 4634. Let x = j - 688. What is the units digit of x?
9
Suppose 0 = -5*i - 3*f + 83, 2*i + 65 = 6*i + f. Let j = -8 - i. What is the tens digit of 97/2 - -1 - j/48?
5
What is the units digit of 3/(-6) + (31017/6 - 2)?
7
Suppose 0 = 3*p + 240 + 39. Suppose l + 5 = 0, 5*l - 21 = -5*s - 116. Let o = s - p. What is the tens digit of o?
7
Suppose -3*m + 5*c = -4493 - 8867, 4460 = m - 3*c. What is the thousands digit of m?
4
Let s = -616 - -616. Suppose 0 = 3*y - s*z + z - 3909, 1303 = y - 5*z. What is the units digit of y?
3
Let i = 3215 + 2851. What is the units digit of i?
6
Suppose 0 = 7*u - 35 + 7. Suppose 0 = u*g + 3*j - 7, g = -8*j + 5*j + 13. What is the units digit of (-3)/((g/(-148))/((-2)/4))?
1
Suppose 0 = -2*r + 5*v + 11865, 75*v + 14 = 77*v. What is the hundreds digit of r?
9
Let n = 2460 + -737. Suppose -2*j - 3*v = -n, v - 14 = -9. What is the hundreds digit of j?
8
Let n(t) = -20 + 7 + 7*t + t**2 + 0*t**2 - 9. Let x be n(-9). What is the units digit of 28/16 - x/16?
2
Let v = 1202 + -543. Let q = v - 318. What is the units digit of q?
1
Let g(t) be the third derivative of 1/3*t**4 - 1/2*t**3 + 0 + 0*t + 3*t**2. What is the tens digit of g(10)?
7
Let p(d) be the second derivative of -49*d**3/6 + 19*d**2 + 2*d + 49. What is the tens digit of p(-3)?
8
Let x(h) = 768*h + 12. Let g(y) = 59*y + 1. Let d(i) = 27*g(i) - 2*x(i). Let z be d(-1). Let n = 110 + z. What is the tens digit of n?
5
Suppose 0*u - 153 = -u. Let t = 430 - 539. Let g = u + t. What is the tens digit of g?
4
Let v(z) = -z**3 + 142*z + 71. What is the thousands digit of v(-29)?
0
Let x = -3 - -28. Suppose -12*k = -17*k + x. Let a(r) = 14*r - 17. What is the units digit of a(k)?
3
Suppose 50469 - 21213 = 4*k. What is the tens digit of k?
1
Suppose -1145 + 409 = -4*c. Suppose -4*l = o - 1050, o - 342 = -2*l + c. What is the units digit of l?
2
Suppose 0 = 4*r + 16, -686*d + 691*d + 5*r - 75280 = 0. What is the hundreds digit of d?
0
Suppose -23 = 11*y - 16*y - 4*h, y = -h + 5. What is the units digit of -1 + y + -8 - -63?
7
Let j(i) = -11*i - 364. Let c be j(-34). Let y = c - -999. What is the thousands digit of y?
1
Suppose 52*n - 49*n - 306 = 0. Let g = 166 - n. Let t = -6 + g. What is the units digit of t?
8
Suppose 7*f + 4*t + 12 = 3*f, -4*t - 17 = -f. Let l be -133 + (12/f)/(-3). Let d = -42 - l. What is the units digit of d?
5
Suppose 5*n + r = 69244, 4*n - 3*r + 5*r = 55388. What is the thousands digit of n?
3
Let g(h) = -17*h - 16. Let p(m) = -m**2 - 10*m - 23. Let q be p(-7). Let r be g(q). What is the units digit of (r/15)/((-18)/(-1740))?
6
Let m(j) = 2*j + 6. Let i be m(-2). Suppose -3*s + u = -35, 3*s + u - 51 = -i*u. Suppose 3*y = w - 38, -3*y + s = 4*w - 199. What is the tens digit of w?
5
Suppose -2*a + 2*i + 3898 = 0, -a - 3*i = a - 3893. Suppose k + 3*k + 1164 = 3*u, 4*k + a = 5*u. What is the hundreds digit of u?
3
Let i(l) = -6*l**3 + 14*l**2 + 23*l + 8. Let d(c) = c**3 - c**2 - c - 1. Let j(v) = -4*d(v) - i(v). What is the tens digit of j(9)?
7
Let b = -25 - -29. Suppose -215 = 3*k - b*k - 2*t, 3*k - 4*t - 675 = 0. What is the tens digit of k?
2
Let f(s) = -116*s - 25. Let o(z) = 116*z + 25. Let a(d) = 6*f(d) + 5*o(d). What is the tens digit of a(-12)?
6
What is the thousands digit of (23 + -13 - -2985) + 10/2?
3
Let n(z) = z**3 - 11*z + 15. Let t be n(-7). Let q = t - -761. What is the hundreds digit of q?
5
What is the units digit of 6515*(-552)/(-506)*(-11)/(-10)?
8
Suppose 0 = -14*r + 21*r. Suppose r*h - h = -5*o - 94, -h = -3*o - 104. What is the units digit of h?
9
What is the units digit of (-515)/(-10 + (-6090)/(-612))?
6
Let b = 272 + -268. Suppose b*d - 16 = 0, -25*z + 20*z = -d - 2071. What is the units digit of z?
5
Suppose 1 = 7*y - 27. Suppose y*k = 7*k - 39. Suppose 3*w - k*w + 330 = 0. What is the tens digit of w?
3
Let v(s) = -s**3 + 29*s**2 + 81*s - 12. What is the hundreds digit of v(27)?
6
What is the thousands digit of 1*((-2)/(-3) + (-93930)/(-18))?
5
Let b = 763 - -4132. What is the units digit of b?
5
Let h = -361 + 236. Let t = 130 + h. Suppose -2*g + 578 - 58 = t*b, g = -b + 260. What is the hun